What is the thousands digit of 2531?
2
What is the units digit of 288?
8
What is the ten thousands digit of 79618?
7
What is the tens digit of 337?
3
What is the thousands digit of 21516?
1
What is the units digit of 177041?
1
What is the tens digit of 5460?
6
What is the tens digit of 10685?
8
What is the ten thousands digit of 32032?
3
What is the thousands digit of 1500?
1
What is the hundreds digit of 685?
6
What is the hundreds digit of 230?
2
What is the hundreds digit of 6773?
7
What is the units digit of 14?
4
What is the units digit of 7884?
4
What is the hundreds digit of 331?
3
What is the units digit of 10080?
0
What is the hundreds digit of 33662?
6
What is the tens digit of 656?
5
What is the tens digit of 3767?
6
What is the units digit of 839?
9
What is the units digit of 336?
6
What is the hundreds digit of 31335?
3
What is the hundreds digit of 24031?
0
What is the tens digit of 6954?
5
What is the tens digit of 2198?
9
What is the thousands digit of 9555?
9
What is the thousands digit of 4789?
4
What is the ten thousands digit of 12688?
1
What is the hundreds digit of 148786?
7
What is the thousands digit of 15800?
5
What is the thousands digit of 65138?
5
What is the hundreds digit of 6795?
7
What is the hundreds digit of 12948?
9
What is the ten thousands digit of 14047?
1
What is the hundreds digit of 3779?
7
What is the units digit of 16170?
0
What is the hundreds digit of 37007?
0
What is the thousands digit of 1274?
1
What is the thousands digit of 34157?
4
What is the hundreds digit of 74938?
9
What is the thousands digit of 1488?
1
What is the hundreds digit of 11101?
1
What is the tens digit of 14472?
7
What is the tens digit of 5300?
0
What is the units digit of 1641?
1
What is the units digit of 26?
6
What is the tens digit of 5680?
8
What is the units digit of 46?
6
What is the tens digit of 10024?
2
What is the units digit of 11313?
3
What is the hundreds digit of 14385?
3
What is the tens digit of 90966?
6
What is the thousands digit of 2058?
2
What is the ten thousands digit of 15799?
1
What is the units digit of 149?
9
What is the ten thousands digit of 12235?
1
What is the tens digit of 1502?
0
What is the tens digit of 1327?
2
What is the thousands digit of 7030?
7
What is the units digit of 584?
4
What is the tens digit of 143?
4
What is the hundreds digit of 312?
3
What is the tens digit of 35177?
7
What is the tens digit of 560?
6
What is the units digit of 755?
5
What is the tens digit of 3176?
7
What is the units digit of 2675?
5
What is the units digit of 35?
5
What is the tens digit of 8268?
6
What is the hundreds digit of 5468?
4
What is the units digit of 4444?
4
What is the thousands digit of 13908?
3
What is the thousands digit of 3289?
3
What is the ten thousands digit of 15619?
1
What is the hundreds digit of 12430?
4
What is the tens digit of 1150?
5
What is the ten thousands digit of 25865?
2
What is the thousands digit of 2506?
2
What is the hundreds digit of 1724?
7
What is the thousands digit of 7375?
7
What is the units digit of 95455?
5
What is the tens digit of 2406?
0
What is the ten thousands digit of 48806?
4
What is the tens digit of 10183?
8
What is the thousands digit of 89453?
9
What is the hundreds digit of 23675?
6
What is the units digit of 35792?
2
What is the units digit of 3041?
1
What is the tens digit of 2075?
7
What is the tens digit of 5416?
1
What is the hundreds digit of 21367?
3
What is the hundreds digit of 198?
1
What is the hundreds digit of 100483?
4
What is the tens digit of 913?
1
What is the hundred thousands digit of 139601?
1
What is the tens digit of 10215?
1
What is the units digit of 44268?
8
What is the tens digit of 31139?
3
What is the thousands digit of 4502?
4
What is the units digit of 3887?
7
What is the hundreds digit of 49197?
1
What is the thousands digit of 6611?
6
What is the thousands digit of 1574?
1
What is the tens digit of 2613?
1
What is the hundreds digit of 56847?
8
What is the thousands digit of 30316?
0
What is the hundreds digit of 1455?
4
What is the units digit of 934?
4
What is the thousands digit of 1306?
1
What is the thousands digit of 30702?
0
What is the units digit of 10424?
4
What is the tens digit of 25597?
9
What is the tens digit of 892?
9
What is the hundreds digit of 612?
6
What is the ten thousands digit of 54251?
5
What is the units digit of 3223?
3
What is the tens digit of 1141?
4
What is the units digit of 26360?
0
What is the thousands digit of 1834?
1
What is the tens digit of 140?
4
What is the hundreds digit of 94633?
6
What is the tens digit of 1623?
2
What is the hundreds digit of 2876?
8
What is the tens digit of 32335?
3
What is the thousands digit of 4443?
4
What is the hundreds digit of 2727?
7
What is the tens digit of 73086?
8
What is the units digit of 24926?
6
What is the units digit of 1772?
2
What is the tens digit of 9224?
2
What is the thousands digit of 3888?
3
What is the thousands digit of 1865?
1
What is the thousands digit of 2136?
2
What is the units digit of 1686?
6
What is the units digit of 37552?
2
What is the tens digit of 13145?
4
What is the hundreds digit of 519?
5
What is the hundreds digit of 138102?
1
What is the tens digit of 388?
8
What is the hundreds digit of 7541?
5
What is the units digit of 439?
9
What is the hundreds digit of 118057?
0
What is the tens digit of 3617?
1
What is the tens digit of 448?
4
What is the units digit of 8116?
6
What is the units digit of 17341?
1
What is the units digit of 23719?
9
What is the tens digit of 78334?
3
What is the units digit of 65?
5
What is the tens digit of 127?
2
What is the units digit of 810?
0
What is the tens digit of 475?
7
What is the hundreds digit of 59726?
7
What is the tens digit of 289?
8
What is the hundreds digit of 23763?
7
What is the units digit of 2412?
2
What is the tens digit of 44697?
9
What is the units digit of 304?
4
What is the thousands digit of 101050?
1
What is the tens digit of 1497?
9
What is the hundreds digit of 305?
3
What is the hundreds digit of 327?
3
What is the tens digit of 163?
6
What is the thousands digit of 2217?
2
What is the tens digit of 682?
8
What is the tens digit of 1245?
4
What is the thousands digit of 2164?
2
What is the hundreds digit of 2745?
7
What is the ten thousands digit of 64493?
6
What is the hundreds digit of 653?
6
What is the ten thousands digit of 24696?
2
What is the hundreds digit of 2780?
7
What is the thousands digit of 71156?
1
What is the hundreds digit of 75798?
7
What is the tens digit of 1584?
8
What is the tens digit of 193?
9
What is the thousands digit of 8849?
8
What is the units digit of 1875?
5
What is the tens digit of 2805?
0
What is the hundreds digit of 9834?
8
What is the tens digit of 116986?
8
What is the hundreds digit of 21874?
8
What is the tens digit of 1630?
3
What is the hundreds digit of 637?
6
What is the tens digit of 112?
1
What is the ten thousands digit of 122825?
2
What is the thousands digit of 2531?
2
What is the tens digit of 1204?
0
What is the hundred thousands digit of 105769?
1
What is the units digit of 3037?
7
What is the ten thousands digit of 14445?
1
What is the tens digit of 13383?
8
What is the tens digit of 11595?
9
What is the tens digit of 613?
1
What is the tens digit of 3657?
5
What is the hundreds digit of 120853?
8
What is the units digit of 9230?
0
What is the hundreds digit of 8702?
7
What is the ten thousands digit of 32090?
3
What is the tens digit of 21060?
6
What is the hundreds digit of 1100?
1
What is the tens digit of 8568?
6
What is the units digit of 110213?
3
What is the thousands digit of 32592?
2
What is the units digit of 212?
2
What is the hundreds digit of 65392?
3
What is the thousands digit of 56324?
6
What is the tens digit of 3817?
1
What is the tens digit of 17339?
3
What is the tens digit of 13143?
4
What is the hundreds digit of 327?
3
What is the thousands digit of 59183?
9
What is the hundreds digit of 6279?
2
What is the thousands digit of 11180?
1
What is the ten thousands digit of 15076?
1
What is the thousands digit of 113221?
3
What is the tens digit of 298?
9
What is the tens digit of 622?
2
What is the tens digit of 66460?
6
What is the thousands digit of 3766?
3
What is t